5354203 prime?
True
Is 3779891 composite?
False
Is 804758 prime?
False
Is 3797951 a prime number?
True
Is 1436387 composite?
False
Is 40881461 composite?
True
Is 24826345 prime?
False
Is 16257691 a composite number?
True
Is 2474347 composite?
True
Is 195203 a prime number?
True
Is 158681303 composite?
True
Is 11542601 a composite number?
True
Is 7591663 prime?
False
Is 1257279223 a prime number?
True
Is 22647929 a prime number?
False
Is 15674063 a prime number?
False
Is 3309247 a composite number?
False
Is 193459663 a composite number?
True
Is 235647833 a composite number?
True
Is 2146367 a composite number?
False
Is 30419489 composite?
True
Is 85543 a prime number?
False
Is 87287989 composite?
True
Is 11889238 a prime number?
False
Is 22499 a composite number?
True
Is 3085322 a composite number?
True
Is 27243709 a prime number?
True
Is 354697853 a composite number?
False
Is 1312951 composite?
False
Is 1245947 composite?
True
Is 4207403 a prime number?
False
Is 18260173 composite?
True
Is 6485615 a prime number?
False
Is 3834629 a composite number?
True
Is 556459 composite?
False
Is 21934079 a composite number?
False
Is 6360187 composite?
True
Is 864613 prime?
True
Is 23987107 a prime number?
False
Is 3358321 prime?
True
Is 55172431 composite?
True
Is 4856834 a prime number?
False
Is 4728539 composite?
False
Is 4527179 prime?
False
Is 16270643 a composite number?
True
Is 543642227 a composite number?
False
Is 26470441 composite?
False
Is 41383582 a prime number?
False
Is 2430737 a composite number?
True
Is 35375869 prime?
False
Is 84824911 a composite number?
True
Is 50381237 composite?
False
Is 67527569 a prime number?
True
Is 543432169 prime?
False
Is 55952927 composite?
True
Is 10512883 a composite number?
False
Is 7511918 prime?
False
Is 2995653 prime?
False
Is 113426443 prime?
False
Is 14566397 a composite number?
False
Is 4918363 a composite number?
True
Is 97733569 composite?
False
Is 413537 prime?
True
Is 250911047 prime?
False
Is 1766507 prime?
True
Is 596214483 prime?
False
Is 33679313 prime?
True
Is 17060969 a composite number?
False
Is 5373059 a composite number?
False
Is 57896221 prime?
False
Is 2866849 a prime number?
False
Is 1996427 composite?
False
Is 1376069 a prime number?
False
Is 70757797 a prime number?
False
Is 53760757 composite?
True
Is 67109585 composite?
True
Is 35894923 composite?
False
Is 157314021 a prime number?
False
Is 33914939 prime?
True
Is 7650041 a composite number?
True
Is 4341157 a prime number?
True
Is 1637329 a composite number?
True
Is 2536123 a composite number?
False
Is 513332681 a prime number?
True
Is 14546281 composite?
True
Is 55796302 composite?
True
Is 213324821 a composite number?
True
Is 1338973 composite?
True
Is 826271 prime?
True
Is 10207511 a prime number?
False
Is 46189243 prime?
False
Is 5166737 a composite number?
False
Is 21427739 composite?
True
Is 27476377 a prime number?
True
Is 99589705 a composite number?
True
Is 32893727 prime?
False
Is 43449079 prime?
False
Is 39415223 a composite number?
False
Is 85979581 a prime number?
True
Is 48982613 a prime number?
False
Is 43301603 prime?
True
Is 58387829 a prime number?
False
Is 395695 prime?
False
Is 327042973 composite?
True
Is 28300583 a prime number?
False
Is 41710499 a prime number?
False
Is 67163693 composite?
True
Is 64469929 a composite number?
True
Is 2135107 a prime number?
False
Is 10064563 a prime number?
False
Is 384415 a prime number?
False
Is 2347879 a composite number?
True
Is 35765453 a composite number?
True
Is 794953 composite?
False
Is 20656751 composite?
True
Is 1216987 a composite number?
False
Is 3027301 a prime number?
True
Is 2892341 composite?
False
Is 167418421 a composite number?
True
Is 84810781 a prime number?
False
Is 1121726 a prime number?
False
Is 4030758607 a prime number?
True
Is 14620351 a composite number?
True
Is 40637473 composite?
False
Is 33792893 a composite number?
False
Is 271340579 a prime number?
True
Is 341057 prime?
True
Is 9034121 a prime number?
True
Is 10660441 prime?
False
Is 4859087 a prime number?
True
Is 1167367 composite?
True
Is 339811 composite?
False
Is 30901301 a prime number?
True
Is 318847699 prime?
False
Is 68456081 prime?
True
Is 13561819 a composite number?
True
Is 7793263 composite?
True
Is 19484053 a prime number?
True
Is 5594107 prime?
False
Is 1176137 composite?
False
Is 27684259 composite?
True
Is 737563 a composite number?
False
Is 4331939 composite?
False
Is 21157573 composite?
False
Is 93529066 a composite number?
True
Is 29617189 a composite number?
True
Is 3041833 a prime number?
True
Is 247026557 a prime number?
False
Is 52393781 a composite number?
True
Is 13218871 prime?
True
Is 21332141 a prime number?
True
Is 193176689 a prime number?
False
Is 2482939 a composite number?
True
Is 9379127 composite?
False
Is 630914393 composite?
False
Is 5090629 a prime number?
False
Is 12257317 prime?
True
Is 573128411 a prime number?
True
Is 1700981 prime?
True
Is 73231987 a prime number?
False
Is 360273759 prime?
False
Is 26749031 a prime number?
True
Is 742283 prime?
True
Is 5812111 a composite number?
False
Is 28762127 prime?
True
Is 2483911 a prime number?
True
Is 16298294 composite?
True
Is 6187859 prime?
True
Is 99470363 a composite number?
False
Is 505373 a prime number?
False
Is 192454061 prime?
False
Is 316531 a prime number?
True
Is 107859431 a composite number?
False
Is 31133567 prime?
True
Is 13250019 prime?
False
Is 67137383 composite?
True
Is 10352917 prime?
True
Is 12712429 prime?
True
Is 5786267 prime?
False
Is 211071067 composite?
False
Is 2558189 composite?
False
Is 163577 a prime number?
False
Is 16428697 a composite number?
True
Is 9278681 a prime number?
True
Is 413223611 composite?
False
Is 1275611 a prime number?
True
Is 31832873 prime?
True
Is 104093191 prime?
False
Is 998483 prime?
False
Is 7351343 a prime number?
True
Is 644729 a composite number?
False
Is 235659 composite?
True
Is 1659719 a prime number?
True
Is 567164137 prime?
True
Is 7412213 a composite number?
False
Is 26396179 a composite number?
False
Is 4971553 a composite number?
False
Is 4046359 prime?
False
Is 39227297 prime?
True
Is 156183193 a prime number?
True
Is 58517351 composite?
False
Is 126963893 composite?
True
Is 1348687 prime?
False
Is 128213593 a prime number?
True
Is 7505647 a prime number?
True
Is 128719 prime?
False
Is 6295651 prime?
True
Is 2305193 a prime number?
False
Is 786001 prime?
True
Is 154409867 a composite number?
True
Is 139414481 composite?
False
Is 11345387 prime?
True
Is 3419407 composite?
False
Is 97310357 composite?
False
Is 15607469 composite?
True
Is 52324711 prime?
True
Is 1033031 composite?
True
Is 1681963 composite?
True
Is 4351801 prime?
False
Is 813000577 a prime number?
True
Is 40371779 prime?
False
Is 51382267 a composite number?
True
Is 7961693 a composite number?
False
Is 1142569 prime?
True
Is 28493 prime?
True
Is 8536261 a prime number?
False
Is 4417289 a prime number?
False
Is 47605231 prime?
False
Is 3071869 a prime number?
True
Is 2385497 a composite number?
True
Is 112587 a prime number?
False
Is 28903277 a composite number?
True
Is 4437929 a composite number?
True
Is 21628507 a prime number?
False
Is 634021 a composite number?
True
Is 5933801 a composite number?
True
Is 6482039 composite?
True
Is 7796183 composite?
True
Is 20719893 a composite number?
True
Is 2217561 composite?
True
Is 4937641 a composite number?
False
Is 9614477 a composite number?
False
Is 4730053 a composite number?
True
Is 27419809 a composite number?
True
Is 7390423 a prime number?
True
Is 14352727 a prime number?
True
Is 1030331 a prime number?
False
Is 26713199 prime?
True
Is 533447 prime?
True
Is 2795347 a prime number?
False
Is 7712801 a prime number?
False
Is 6746161 composite?
True
Is 6419711 prime?
True
Is 104579 composite?
False
Is 45882173 composite?
True
Is 4578359 composite?
True
Is 240851423 a composite number?
True
Is 50840065 prime?
False
Is 123207391 a composite number?
False
Is 48689899 composite?
True
Is 24201997 prime?
True
Is 223460063 composite?
False
Is 2828627 prime?
True
Is 13609481 prime?
True
Is 12184261 prime?
True
Is 61438929 a composite number?
True
Is 7375169 prime?
False
Is 364462279 prime?
True
Is 2007659 composite?
False
Is 76373